{"id":34,"date":"2025-05-19T19:17:19","date_gmt":"2025-05-19T17:17:19","guid":{"rendered":"https:\/\/sirot.projetsmmichamps.fr\/SiteOnePage\/homepage\/"},"modified":"2025-05-19T22:23:20","modified_gmt":"2025-05-19T20:23:20","slug":"homepage","status":"publish","type":"page","link":"https:\/\/sirot.projetsmmichamps.fr\/SiteOnePage\/","title":{"rendered":"Homepage"},"content":{"rendered":"\t\t<div data-elementor-type=\"wp-page\" data-elementor-id=\"34\" class=\"elementor elementor-34\">\n\t\t\t\t<div class=\"elementor-element elementor-element-c15ab1b animated-fast e-flex e-con-boxed elementor-invisible e-con e-parent\" data-id=\"c15ab1b\" data-element_type=\"container\" data-settings=\"{&quot;animation&quot;:&quot;fadeIn&quot;}\">\n\t\t\t\t\t<div class=\"e-con-inner\">\n\t\t\t\t<div class=\"elementor-element elementor-element-89c0372 elementor-widget elementor-widget-flex-hero\" data-id=\"89c0372\" data-element_type=\"widget\" data-settings=\"{&quot;primary_button_shape&quot;:&quot;round&quot;,&quot;image_shape&quot;:&quot;custom&quot;,&quot;box_shape&quot;:&quot;custom&quot;,&quot;layout_preset&quot;:&quot;showcase&quot;,&quot;layout_image_position&quot;:&quot;end&quot;}\" data-widget_type=\"flex-hero.default\">\n\t\t\t\t<div class=\"elementor-widget-container\">\n\t\t\t\t\t\t\t<div class=\"has-shape-custom shape-type-box ehp-flex-hero has-layout-preset-showcase has-image-position-end\">\n\t\t\t\t\t\t<div class=\"ehp-flex-hero__overlay\"><\/div>\n\t\t\t<div class=\"ehp-flex-hero__content-container\">\n\t\t\t\t<h2 class=\"ehp-flex-hero__heading\">The weeknd<\/h2><h3 class=\"ehp-flex-hero__subheading\">The Weeknd, de son vrai nom Abel Makkonen Tesfaye, est un chanteur, auteur-compositeur et producteur canadien, n\u00e9 le 16 f\u00e9vrier 1990 \u00e0 Toronto, au Canada. Fils d\u2019immigrants \u00e9thiopiens, il grandit dans un quartier modeste et d\u00e9couvre tr\u00e8s t\u00f4t la musique, influenc\u00e9 par des genres vari\u00e9s comme le R&amp;B, le hip-hop, la pop et m\u00eame la musique \u00e9thiopienne traditionnelle.<\/h3>\t\t\t<div class=\"ehp-flex-hero__ctas-container\">\n\t\t\t\t\t\t\t\t\t\t\t<\/div>\n\t\t\t\t\t<\/div>\n\t\t\t\t<div class=\"ehp-flex-hero__image-wrapper\">\n\t\t\t\t\t<div class=\"ehp-image ehp-flex-hero__image-container\">\n\t\t\t\t<img decoding=\"async\" class=\"ehp-image__img ehp-flex-hero__img has-border has-shape-custom shape-type-image\" src=\"https:\/\/sirot.projetsmmichamps.fr\/SiteOnePage\/wp-content\/uploads\/2025\/05\/medias_2024_09_iytzgvxpavedy9oqoa9i0h4gfvh39eoqhfkkrosuieq_66ed312c9e954-1.webp\" title=\"medias_2024_09_iytzgvxpavedy9oqoa9i0h4gfvh39eoqhfkkrosuieq_66ed312c9e954\" alt=\"medias_2024_09_iytzgvxpavedy9oqoa9i0h4gfvh39eoqhfkkrosuieq_66ed312c9e954\" loading=\"lazy\" \/>\t\t\t<\/div>\n\t\t\t\t\t<\/div>\n\t\t\t\t<\/div>\n\t\t\t\t\t\t<\/div>\n\t\t\t\t<\/div>\n\t\t\t\t\t<\/div>\n\t\t\t\t<\/div>\n\t\t<div class=\"elementor-element elementor-element-7c63aad5 animated-fast e-flex e-con-boxed elementor-invisible e-con e-parent\" data-id=\"7c63aad5\" data-element_type=\"container\" id=\"live\" data-settings=\"{&quot;animation&quot;:&quot;fadeIn&quot;}\">\n\t\t\t\t\t<div class=\"e-con-inner\">\n\t\t\t\t<div class=\"elementor-element elementor-element-6c421b89 elementor-widget elementor-widget-heading\" data-id=\"6c421b89\" data-element_type=\"widget\" data-widget_type=\"heading.default\">\n\t\t\t\t<div class=\"elementor-widget-container\">\n\t\t\t\t\t<h2 class=\"elementor-heading-title elementor-size-default\">\u00c0 \u00e9couter<\/h2>\t\t\t\t<\/div>\n\t\t\t\t<\/div>\n\t\t\t\t<div class=\"elementor-element elementor-element-1611192e e-n-tabs-mobile elementor-widget elementor-widget-n-tabs\" data-id=\"1611192e\" data-element_type=\"widget\" data-widget_type=\"nested-tabs.default\">\n\t\t\t\t<div class=\"elementor-widget-container\">\n\t\t\t\t\t\t\t<div class=\"e-n-tabs\" data-widget-number=\"370219310\" aria-label=\"Onglets. Ouvrez des \u00e9l\u00e9ments avec Entrer ou Espace, fermez-les avec Echape et naviguez \u00e0 l&#039;aide des touches fl\u00e9ch\u00e9es.\">\n\t\t\t<div class=\"e-n-tabs-heading\" role=\"tablist\">\n\t\t\t\t\t<button id=\"e-n-tab-title-3702193101\" class=\"e-n-tab-title elementor-animation-shrink\" aria-selected=\"true\" data-tab-index=\"1\" role=\"tab\" tabindex=\"0\" aria-controls=\"e-n-tab-content-3702193101\" style=\"--n-tabs-title-order: 1;\">\n\t\t\t\t\t\t<span class=\"e-n-tab-title-text\">\n\t\t\t\tBlinding Lights\t\t\t<\/span>\n\t\t<\/button>\n\t\t\t\t<button id=\"e-n-tab-title-3702193102\" class=\"e-n-tab-title elementor-animation-shrink\" aria-selected=\"false\" data-tab-index=\"2\" role=\"tab\" tabindex=\"-1\" aria-controls=\"e-n-tab-content-3702193102\" style=\"--n-tabs-title-order: 2;\">\n\t\t\t\t\t\t<span class=\"e-n-tab-title-text\">\n\t\t\t\tSave Your Tears\t\t\t<\/span>\n\t\t<\/button>\n\t\t\t\t<button id=\"e-n-tab-title-3702193103\" class=\"e-n-tab-title elementor-animation-shrink\" aria-selected=\"false\" data-tab-index=\"3\" role=\"tab\" tabindex=\"-1\" aria-controls=\"e-n-tab-content-3702193103\" style=\"--n-tabs-title-order: 3;\">\n\t\t\t\t\t\t<span class=\"e-n-tab-title-text\">\n\t\t\t\tThe Hills\t\t\t<\/span>\n\t\t<\/button>\n\t\t\t\t\t<\/div>\n\t\t\t<div class=\"e-n-tabs-content\">\n\t\t\t\t<div id=\"e-n-tab-content-3702193101\" role=\"tabpanel\" aria-labelledby=\"e-n-tab-title-3702193101\" data-tab-index=\"1\" style=\"--n-tabs-title-order: 1;\" class=\"e-active elementor-element elementor-element-619fbb36 e-con-full e-flex e-con e-child\" data-id=\"619fbb36\" data-element_type=\"container\">\n\t\t\t\t<div class=\"elementor-element elementor-element-3a4a6053 elementor-widget elementor-widget-audio\" data-id=\"3a4a6053\" data-element_type=\"widget\" data-widget_type=\"audio.default\">\n\t\t\t\t<div class=\"elementor-widget-container\">\n\t\t\t\t\t\t\t\t<div class=\"elementor-soundcloud-wrapper\">\n\t\t\t\t<iframe width=\"100%\" height=\"152\" frameborder=\"0\" allowfullscreen allow=\"autoplay; clipboard-write; encrypted-media; fullscreen; picture-in-picture\" loading=\"lazy\" src=\"https:\/\/open.spotify.com\/embed\/track\/0VjIjW4GlUZAMYd2vXMi3b?si=16a0450dc2ab45f2&#038;utm_source=oembed&#038;auto_play=false&#038;buying=false&#038;liking=false&#038;download=false&#038;sharing=false&#038;show_comments=false&#038;show_playcount=false&#038;show_user=false&#038;show_artwork=false&#038;color\"><\/iframe>\t\t\t<\/div>\n\t\t\t\t\t\t\t<\/div>\n\t\t\t\t<\/div>\n\t\t\t\t<\/div>\n\t\t<div id=\"e-n-tab-content-3702193102\" role=\"tabpanel\" aria-labelledby=\"e-n-tab-title-3702193102\" data-tab-index=\"2\" style=\"--n-tabs-title-order: 2;\" class=\" elementor-element elementor-element-760c27fa e-con-full e-flex e-con e-child\" data-id=\"760c27fa\" data-element_type=\"container\">\n\t\t\t\t<div class=\"elementor-element elementor-element-7f567eec elementor-widget elementor-widget-audio\" data-id=\"7f567eec\" data-element_type=\"widget\" data-widget_type=\"audio.default\">\n\t\t\t\t<div class=\"elementor-widget-container\">\n\t\t\t\t\t\t\t\t<div class=\"elementor-soundcloud-wrapper\">\n\t\t\t\t<iframe width=\"100%\" height=\"152\" frameborder=\"0\" allowfullscreen allow=\"autoplay; clipboard-write; encrypted-media; fullscreen; picture-in-picture\" loading=\"lazy\" src=\"https:\/\/open.spotify.com\/embed\/track\/5QO79kh1waicV47BqGRL3g?si=4dda9cdd468148e1&#038;utm_source=oembed&#038;auto_play=false&#038;buying=false&#038;liking=false&#038;download=false&#038;sharing=false&#038;show_comments=false&#038;show_playcount=false&#038;show_user=false&#038;show_artwork=false&#038;color\"><\/iframe>\t\t\t<\/div>\n\t\t\t\t\t\t\t<\/div>\n\t\t\t\t<\/div>\n\t\t\t\t<\/div>\n\t\t<div id=\"e-n-tab-content-3702193103\" role=\"tabpanel\" aria-labelledby=\"e-n-tab-title-3702193103\" data-tab-index=\"3\" style=\"--n-tabs-title-order: 3;\" class=\" elementor-element elementor-element-715fb327 e-con-full e-flex e-con e-child\" data-id=\"715fb327\" data-element_type=\"container\">\n\t\t\t\t<div class=\"elementor-element elementor-element-5435f5ef elementor-widget elementor-widget-audio\" data-id=\"5435f5ef\" data-element_type=\"widget\" data-widget_type=\"audio.default\">\n\t\t\t\t<div class=\"elementor-widget-container\">\n\t\t\t\t\t\t\t\t<div class=\"elementor-soundcloud-wrapper\">\n\t\t\t\t<iframe width=\"100%\" height=\"152\" frameborder=\"0\" allowfullscreen allow=\"autoplay; clipboard-write; encrypted-media; fullscreen; picture-in-picture\" loading=\"lazy\" src=\"https:\/\/open.spotify.com\/embed\/track\/7fBv7CLKzipRk6EC6TWHOB?si=de3dff6cc6b043f9&#038;utm_source=oembed&#038;auto_play=false&#038;buying=false&#038;liking=false&#038;download=false&#038;sharing=false&#038;show_comments=false&#038;show_playcount=false&#038;show_user=false&#038;show_artwork=false&#038;color\"><\/iframe>\t\t\t<\/div>\n\t\t\t\t\t\t\t<\/div>\n\t\t\t\t<\/div>\n\t\t\t\t<\/div>\n\t\t\t\t\t<\/div>\n\t\t<\/div>\n\t\t\t\t\t\t<\/div>\n\t\t\t\t<\/div>\n\t\t\t\t\t<\/div>\n\t\t\t\t<\/div>\n\t\t<div class=\"elementor-element elementor-element-128e275c animated-fast e-flex e-con-boxed elementor-invisible e-con e-parent\" data-id=\"128e275c\" data-element_type=\"container\" data-settings=\"{&quot;animation&quot;:&quot;fadeIn&quot;}\">\n\t\t\t\t\t<div class=\"e-con-inner\">\n\t\t<div class=\"elementor-element elementor-element-13af9118 e-con-full e-flex e-con e-child\" data-id=\"13af9118\" data-element_type=\"container\">\n\t\t\t\t<div class=\"elementor-element elementor-element-3608b6e1 elementor-widget elementor-widget-flex-hero\" data-id=\"3608b6e1\" data-element_type=\"widget\" data-settings=\"{&quot;primary_button_shape&quot;:&quot;round&quot;,&quot;image_shape&quot;:&quot;custom&quot;,&quot;layout_preset&quot;:&quot;storytelling&quot;,&quot;box_shape&quot;:&quot;sharp&quot;}\" data-widget_type=\"flex-hero.default\">\n\t\t\t\t<div class=\"elementor-widget-container\">\n\t\t\t\t\t\t\t<div class=\"has-shape-sharp shape-type-box ehp-flex-hero has-layout-preset-storytelling\">\n\t\t\t\t\t\t<div class=\"ehp-flex-hero__overlay\"><\/div>\n\t\t\t<div class=\"ehp-flex-hero__content-container\">\n\t\t\t\t<h2 class=\"ehp-flex-hero__heading\">Ses prochains concerts<\/h2>\t\t\t<div class=\"ehp-flex-hero__ctas-container\">\n\t\t\t\t\t\t\t\t\t\t\t<\/div>\n\t\t\t\t\t<\/div>\n\t\t\t\t<div class=\"ehp-flex-hero__image-wrapper\">\n\t\t\t\t<\/div>\n\t\t\t\t<\/div>\n\t\t\t\t\t\t<\/div>\n\t\t\t\t<\/div>\n\t\t\t\t<div class=\"elementor-element elementor-element-cbb369a elementor-widget elementor-widget-text-editor\" data-id=\"cbb369a\" data-element_type=\"widget\" data-widget_type=\"text-editor.default\">\n\t\t\t\t<div class=\"elementor-widget-container\">\n\t\t\t\t\t\t\t\t\t<ul><li class=\"\" data-start=\"203\" data-end=\"241\"><p class=\"\" data-start=\"206\" data-end=\"241\">24 mai 2025 \u2013 Detroit, MI \u2013 Ford Field<\/p><\/li><li class=\"\" data-start=\"242\" data-end=\"280\"><p class=\"\" data-start=\"245\" data-end=\"280\">25 mai 2025 \u2013 Detroit, MI \u2013 Ford Field<\/p><\/li><li class=\"\" data-start=\"281\" data-end=\"322\"><p class=\"\" data-start=\"284\" data-end=\"322\">30 mai 2025 \u2013 Chicago, IL \u2013 Soldier Field<\/p><\/li><li class=\"\" data-start=\"323\" data-end=\"364\"><p class=\"\" data-start=\"326\" data-end=\"364\">31 mai 2025 \u2013 Chicago, IL \u2013 Soldier Field<\/p><\/li><\/ul>\t\t\t\t\t\t\t\t<\/div>\n\t\t\t\t<\/div>\n\t\t\t\t<div class=\"elementor-element elementor-element-6fa3b74 elementor-widget elementor-widget-video\" data-id=\"6fa3b74\" data-element_type=\"widget\" data-settings=\"{&quot;youtube_url&quot;:&quot;https:\\\/\\\/www.youtube.com\\\/watch?v=qMemCH6oBkI&quot;,&quot;video_type&quot;:&quot;youtube&quot;,&quot;controls&quot;:&quot;yes&quot;}\" data-widget_type=\"video.default\">\n\t\t\t\t<div class=\"elementor-widget-container\">\n\t\t\t\t\t\t\t<div class=\"elementor-wrapper elementor-open-inline\">\n\t\t\t<div class=\"elementor-video\"><\/div>\t\t<\/div>\n\t\t\t\t\t\t<\/div>\n\t\t\t\t<\/div>\n\t\t\t\t<\/div>\n\t\t<div class=\"elementor-element elementor-element-3a3320d5 e-con-full e-flex e-con e-child\" data-id=\"3a3320d5\" data-element_type=\"container\">\n\t\t\t\t<div class=\"elementor-element elementor-element-5217df4 e-transform elementor-widget elementor-widget-image\" data-id=\"5217df4\" data-element_type=\"widget\" data-settings=\"{&quot;_transform_rotateZ_effect&quot;:{&quot;unit&quot;:&quot;px&quot;,&quot;size&quot;:5,&quot;sizes&quot;:[]},&quot;_transform_rotateZ_effect_tablet&quot;:{&quot;unit&quot;:&quot;deg&quot;,&quot;size&quot;:&quot;&quot;,&quot;sizes&quot;:[]},&quot;_transform_rotateZ_effect_mobile&quot;:{&quot;unit&quot;:&quot;deg&quot;,&quot;size&quot;:&quot;&quot;,&quot;sizes&quot;:[]}}\" data-widget_type=\"image.default\">\n\t\t\t\t<div class=\"elementor-widget-container\">\n\t\t\t\t\t\t\t\t\t\t\t\t\t\t\t<img fetchpriority=\"high\" decoding=\"async\" width=\"662\" height=\"994\" src=\"https:\/\/sirot.projetsmmichamps.fr\/SiteOnePage\/wp-content\/uploads\/2025\/05\/13a53258-9558-44bf-b0a7-755ab2018a33-getty-1409221633.avif\" class=\"attachment-large size-large wp-image-74\" alt=\"\" srcset=\"https:\/\/sirot.projetsmmichamps.fr\/SiteOnePage\/wp-content\/uploads\/2025\/05\/13a53258-9558-44bf-b0a7-755ab2018a33-getty-1409221633.avif 662w, https:\/\/sirot.projetsmmichamps.fr\/SiteOnePage\/wp-content\/uploads\/2025\/05\/13a53258-9558-44bf-b0a7-755ab2018a33-getty-1409221633-200x300.avif 200w\" sizes=\"(max-width: 662px) 100vw, 662px\" \/>\t\t\t\t\t\t\t\t\t\t\t\t\t\t\t<\/div>\n\t\t\t\t<\/div>\n\t\t\t\t<\/div>\n\t\t\t\t\t<\/div>\n\t\t\t\t<\/div>\n\t\t<div class=\"elementor-element elementor-element-36ad725e animated-fast e-flex e-con-boxed elementor-invisible e-con e-parent\" data-id=\"36ad725e\" data-element_type=\"container\" data-settings=\"{&quot;animation&quot;:&quot;fadeIn&quot;}\">\n\t\t\t\t\t<div class=\"e-con-inner\">\n\t\t<div class=\"elementor-element elementor-element-71ae4622 e-con-full e-flex e-con e-child\" data-id=\"71ae4622\" data-element_type=\"container\" data-settings=\"{&quot;background_background&quot;:&quot;classic&quot;}\">\n\t\t\t\t<div class=\"elementor-element elementor-element-52931486 elementor-widget__width-initial elementor-widget-mobile__width-inherit elementor-widget elementor-widget-image\" data-id=\"52931486\" data-element_type=\"widget\" data-widget_type=\"image.default\">\n\t\t\t\t<div class=\"elementor-widget-container\">\n\t\t\t\t\t\t\t\t\t\t\t\t\t\t\t<img decoding=\"async\" width=\"800\" height=\"1005\" src=\"https:\/\/sirot.projetsmmichamps.fr\/SiteOnePage\/wp-content\/uploads\/2025\/05\/the-weeknd-2-815x1024.webp\" class=\"attachment-large size-large wp-image-73\" alt=\"\" srcset=\"https:\/\/sirot.projetsmmichamps.fr\/SiteOnePage\/wp-content\/uploads\/2025\/05\/the-weeknd-2-815x1024.webp 815w, https:\/\/sirot.projetsmmichamps.fr\/SiteOnePage\/wp-content\/uploads\/2025\/05\/the-weeknd-2-239x300.webp 239w, https:\/\/sirot.projetsmmichamps.fr\/SiteOnePage\/wp-content\/uploads\/2025\/05\/the-weeknd-2-768x965.webp 768w, https:\/\/sirot.projetsmmichamps.fr\/SiteOnePage\/wp-content\/uploads\/2025\/05\/the-weeknd-2-1222x1536.webp 1222w, https:\/\/sirot.projetsmmichamps.fr\/SiteOnePage\/wp-content\/uploads\/2025\/05\/the-weeknd-2.webp 1300w\" sizes=\"(max-width: 800px) 100vw, 800px\" \/>\t\t\t\t\t\t\t\t\t\t\t\t\t\t\t<\/div>\n\t\t\t\t<\/div>\n\t\t\t\t<div class=\"elementor-element elementor-element-231e21d5 elementor-widget__width-initial elementor-widget-mobile__width-inherit elementor-widget elementor-widget-ehp-form\" data-id=\"231e21d5\" data-element_type=\"widget\" data-settings=\"{&quot;button_shape&quot;:&quot;round&quot;,&quot;layout_preset&quot;:&quot;quick-connect&quot;,&quot;button_width&quot;:&quot;100&quot;,&quot;box_shape&quot;:&quot;sharp&quot;}\" data-widget_type=\"ehp-form.default\">\n\t\t\t\t<div class=\"elementor-widget-container\">\n\t\t\t\t\t\t\t<form class=\"has-shape-sharp shape-type-box ehp-form has-layout-preset-quick-connect\" name=\"1\" method=\"post\">\n\t\t\t\t\t<div class=\"ehp-form__text-container\">\n\t\t\t<h2 class=\"ehp-form__heading\">Restez \u00e0 l'\u00e9coute. Restez connect\u00e9.<\/h2><p class=\"ehp-form__description\">Recevez des nouveaut\u00e9s exclusives, des anecdotes en coulisses et des perles ind\u00e9 directement dans votre bo\u00eete mail. Pas de spam. Que des sons qui comptent.<\/p>\t\t<\/div>\n\t\t\t\t\t<input type=\"hidden\" name=\"post_id\" value=\"34\"\/>\n\t\t\t<input type=\"hidden\" name=\"form_id\" value=\"231e21d5\"\/>\n\t\t\t<input type=\"hidden\" name=\"referer_title\" value=\"\"\/>\n\n\t\t\t\t\t\t\t<input type=\"hidden\" name=\"queried_id\" value=\"34\"\/>\n\t\t\t\n\t\t\t<div class=\"ehp-form__content\">\n\t\t\t\t\t\t\t\t<div class=\"ehp-form__wrapper\">\n\t\t\t\t\t\t\t\t\t\t\t<div class=\"ehp-form__field-group is-field-type-email is-field-group-email has-width-100 is-field-required has-border has-shape-round\">\n\t\t\t\t\t\t\t\t\t\t\t\t\t\t\t<label for=\"form-field-email\" class=\"ehp-form__field-label elementor-screen-only\">\n\t\t\t\t\t\t\t\t\tEmail\t\t\t\t\t\t\t\t<\/label>\n\t\t\t\t\t\t\t\t\t\t\t\t\t\t\t\t\t<input size=\"1\" type=\"email\" name=\"form_fields[email]\" id=\"form-field-email\" class=\"ehp-form__field elementor-size-sm  elementor-field-textual\" placeholder=\"Email\" required=\"required\" aria-required=\"true\">\n\t\t\t\t\t\t\t\t\t\t\t\t\t\t\t<\/div>\n\t\t\t\t\t\t\t\t\t\t\t\t<div class=\"ehp-form__submit-group has-width-100\">\n\t\t\t<button class=\"has-shape-round shape-type-button ehp-form__button has-border is-type-button elementor-animation-shrink\" type=\"submit\">\n\t\t\t\t\t\t\t\t\t\t\t\t\t\n\t\t\t\t\t\t\t\t\t<span class=\"ehp-form__button-text\">S'aboner<\/span>\n\t\t\t\t\t\t\t<\/button>\n\t\t<\/div>\n\t\t\t\t\t\t<\/div>\n\t\t\t<\/div>\n\t\t\t<div class=\"ehp-form__overlay\"><\/div>\n\t\t<\/form>\n\t\t\t\t\t\t<\/div>\n\t\t\t\t<\/div>\n\t\t\t\t<\/div>\n\t\t\t\t\t<\/div>\n\t\t\t\t<\/div>\n\t\t\t\t<\/div>\n\t\t","protected":false},"excerpt":{"rendered":"<p>The weeknd The Weeknd, de son vrai nom Abel Makkonen Tesfaye, est un chanteur, auteur-compositeur et producteur canadien, n\u00e9 le 16 f\u00e9vrier 1990 \u00e0 Toronto, au Canada. Fils d\u2019immigrants \u00e9thiopiens, il grandit dans un quartier modeste et d\u00e9couvre tr\u00e8s t\u00f4t la musique, influenc\u00e9 par des genres vari\u00e9s comme le R&amp;B, le hip-hop, la pop et [&hellip;]<\/p>\n","protected":false},"author":1,"featured_media":0,"parent":0,"menu_order":0,"comment_status":"closed","ping_status":"closed","template":"","meta":{"footnotes":""},"class_list":["post-34","page","type-page","status-publish","hentry"],"_links":{"self":[{"href":"https:\/\/sirot.projetsmmichamps.fr\/SiteOnePage\/wp-json\/wp\/v2\/pages\/34","targetHints":{"allow":["GET"]}}],"collection":[{"href":"https:\/\/sirot.projetsmmichamps.fr\/SiteOnePage\/wp-json\/wp\/v2\/pages"}],"about":[{"href":"https:\/\/sirot.projetsmmichamps.fr\/SiteOnePage\/wp-json\/wp\/v2\/types\/page"}],"author":[{"embeddable":true,"href":"https:\/\/sirot.projetsmmichamps.fr\/SiteOnePage\/wp-json\/wp\/v2\/users\/1"}],"replies":[{"embeddable":true,"href":"https:\/\/sirot.projetsmmichamps.fr\/SiteOnePage\/wp-json\/wp\/v2\/comments?post=34"}],"version-history":[{"count":29,"href":"https:\/\/sirot.projetsmmichamps.fr\/SiteOnePage\/wp-json\/wp\/v2\/pages\/34\/revisions"}],"predecessor-version":[{"id":124,"href":"https:\/\/sirot.projetsmmichamps.fr\/SiteOnePage\/wp-json\/wp\/v2\/pages\/34\/revisions\/124"}],"wp:attachment":[{"href":"https:\/\/sirot.projetsmmichamps.fr\/SiteOnePage\/wp-json\/wp\/v2\/media?parent=34"}],"curies":[{"name":"wp","href":"https:\/\/api.w.org\/{rel}","templated":true}]}}